{"version":"1.0","provider_name":"Blagnac Arts Martiaux","provider_url":"https:\/\/www.blagnacartsmartiaux.fr\/site","author_name":"Blagnac Arts Martiaux","author_url":"https:\/\/www.blagnacartsmartiaux.fr\/site\/author\/administrator\/","title":"COUPE DE FRANCE MINIMES - Blagnac Arts Martiaux","type":"rich","width":600,"height":338,"html":"<blockquote class=\"wp-embedded-content\" data-secret=\"Jc60HFii3D\"><a href=\"https:\/\/www.blagnacartsmartiaux.fr\/site\/2018\/05\/19\/coupe-de-france-minimes\/\">COUPE DE FRANCE MINIMES<\/a><\/blockquote><iframe sandbox=\"allow-scripts\" security=\"restricted\" src=\"https:\/\/www.blagnacartsmartiaux.fr\/site\/2018\/05\/19\/coupe-de-france-minimes\/embed\/#?secret=Jc60HFii3D\" width=\"600\" height=\"338\" title=\"\u00ab\u00a0COUPE DE FRANCE MINIMES\u00a0\u00bb &#8212; Blagnac Arts Martiaux\" data-secret=\"Jc60HFii3D\" frameborder=\"0\" marginwidth=\"0\" marginheight=\"0\" scrolling=\"no\" class=\"wp-embedded-content\"><\/iframe><script>\n\/*! This file is auto-generated *\/\n!function(d,l){\"use strict\";l.querySelector&&d.addEventListener&&\"undefined\"!=typeof URL&&(d.wp=d.wp||{},d.wp.receiveEmbedMessage||(d.wp.receiveEmbedMessage=function(e){var t=e.data;if((t||t.secret||t.message||t.value)&&!\/[^a-zA-Z0-9]\/.test(t.secret)){for(var s,r,n,a=l.querySelectorAll('iframe[data-secret=\"'+t.secret+'\"]'),o=l.querySelectorAll('blockquote[data-secret=\"'+t.secret+'\"]'),c=new RegExp(\"^https?:$\",\"i\"),i=0;i<o.length;i++)o[i].style.display=\"none\";for(i=0;i<a.length;i++)s=a[i],e.source===s.contentWindow&&(s.removeAttribute(\"style\"),\"height\"===t.message?(1e3<(r=parseInt(t.value,10))?r=1e3:~~r<200&&(r=200),s.height=r):\"link\"===t.message&&(r=new URL(s.getAttribute(\"src\")),n=new URL(t.value),c.test(n.protocol))&&n.host===r.host&&l.activeElement===s&&(d.top.location.href=t.value))}},d.addEventListener(\"message\",d.wp.receiveEmbedMessage,!1),l.addEventListener(\"DOMContentLoaded\",function(){for(var e,t,s=l.querySelectorAll(\"iframe.wp-embedded-content\"),r=0;r<s.length;r++)(t=(e=s[r]).getAttribute(\"data-secret\"))||(t=Math.random().toString(36).substring(2,12),e.src+=\"#?secret=\"+t,e.setAttribute(\"data-secret\",t)),e.contentWindow.postMessage({message:\"ready\",secret:t},\"*\")},!1)))}(window,document);\n<\/script>\n","thumbnail_url":"https:\/\/www.blagnacartsmartiaux.fr\/site\/wp-content\/uploads\/2018\/06\/Sans-titre.jpg","thumbnail_width":429,"thumbnail_height":549,"description":"Cette ann\u00e9e c\u2019est La\u00efla qui repr\u00e9sente le club au niveau des championnats de France Minimes En effet, apr\u00e8s avoir d\u00e9croch\u00e9 sa qualification pour les \u00bd finales Minime \u00e0 Tarbes, elle s\u2019y qualifie pour les Championnat de France en terminant 2\u00e9me de sa cat\u00e9gorie (la suite en Octobre-Novembre) Elle a \u00e9galement \u00e9t\u00e9 s\u00e9lectionn\u00e9e dans l\u2019\u00e9quipe de [&hellip;]"}

Cette année c’est Laïla qui représente le club au niveau des championnats de France Minimes En effet, après avoir décroché sa qualification pour les ½ finales Minime à Tarbes, elle s’y qualifie pour les Championnat de France en terminant 2éme de sa catégorie (la suite en Octobre-Novembre) Elle a également été sélectionnée dans l’équipe de [&hellip;]
