{"version":"1.0","provider_name":"Blagnac Arts Martiaux","provider_url":"https:\/\/www.blagnacartsmartiaux.fr\/site","author_name":"Lionel Froidure","author_url":"https:\/\/www.blagnacartsmartiaux.fr\/site\/author\/lionel-froidure\/","title":"Le 9 juin, c'est reparti ! - Blagnac Arts Martiaux","type":"rich","width":600,"height":338,"html":"<blockquote class=\"wp-embedded-content\" data-secret=\"q4d54Ecglc\"><a href=\"https:\/\/www.blagnacartsmartiaux.fr\/site\/2021\/06\/01\/le-9-juin-cest-reparti\/\">Le 9 juin, c&rsquo;est reparti !<\/a><\/blockquote><iframe sandbox=\"allow-scripts\" security=\"restricted\" src=\"https:\/\/www.blagnacartsmartiaux.fr\/site\/2021\/06\/01\/le-9-juin-cest-reparti\/embed\/#?secret=q4d54Ecglc\" width=\"600\" height=\"338\" title=\"\u00ab\u00a0Le 9 juin, c&rsquo;est reparti !\u00a0\u00bb &#8212; Blagnac Arts Martiaux\" data-secret=\"q4d54Ecglc\" frameborder=\"0\" marginwidth=\"0\" marginheight=\"0\" scrolling=\"no\" class=\"wp-embedded-content\"><\/iframe><script>\n\/*! This file is auto-generated *\/\n!function(d,l){\"use strict\";l.querySelector&&d.addEventListener&&\"undefined\"!=typeof URL&&(d.wp=d.wp||{},d.wp.receiveEmbedMessage||(d.wp.receiveEmbedMessage=function(e){var t=e.data;if((t||t.secret||t.message||t.value)&&!\/[^a-zA-Z0-9]\/.test(t.secret)){for(var s,r,n,a=l.querySelectorAll('iframe[data-secret=\"'+t.secret+'\"]'),o=l.querySelectorAll('blockquote[data-secret=\"'+t.secret+'\"]'),c=new RegExp(\"^https?:$\",\"i\"),i=0;i<o.length;i++)o[i].style.display=\"none\";for(i=0;i<a.length;i++)s=a[i],e.source===s.contentWindow&&(s.removeAttribute(\"style\"),\"height\"===t.message?(1e3<(r=parseInt(t.value,10))?r=1e3:~~r<200&&(r=200),s.height=r):\"link\"===t.message&&(r=new URL(s.getAttribute(\"src\")),n=new URL(t.value),c.test(n.protocol))&&n.host===r.host&&l.activeElement===s&&(d.top.location.href=t.value))}},d.addEventListener(\"message\",d.wp.receiveEmbedMessage,!1),l.addEventListener(\"DOMContentLoaded\",function(){for(var e,t,s=l.querySelectorAll(\"iframe.wp-embedded-content\"),r=0;r<s.length;r++)(t=(e=s[r]).getAttribute(\"data-secret\"))||(t=Math.random().toString(36).substring(2,12),e.src+=\"#?secret=\"+t,e.setAttribute(\"data-secret\",t)),e.contentWindow.postMessage({message:\"ready\",secret:t},\"*\")},!1)))}(window,document);\n<\/script>\n","thumbnail_url":"https:\/\/www.blagnacartsmartiaux.fr\/site\/wp-content\/uploads\/2021\/06\/karate-kali.jpg","thumbnail_width":1200,"thumbnail_height":628,"description":"A partir du 9 juin, tout le monde pourra r\u00e9int\u00e9grer le dojo pour pratiquer. Les enfants pourront continuer avec contact mais les adultes ne seront pas autoris\u00e9s. Pas de vestiaire. Merci de venir en tenue. Vestiaires accessibles !!! Si pluie, nous irons dans le dojo. Merci de toujours venir avec votre karate-gi ! Voici le [&hellip;]"}

A partir du 9 juin, tout le monde pourra réintégrer le dojo pour pratiquer. Les enfants pourront continuer avec contact mais les adultes ne seront pas autorisés. Pas de vestiaire. Merci de venir en tenue. Vestiaires accessibles !!! Si pluie, nous irons dans le dojo. Merci de toujours venir avec votre karate-gi ! Voici le [&hellip;]
