{"version":"1.0","provider_name":"Blagnac Arts Martiaux","provider_url":"https:\/\/www.blagnacartsmartiaux.fr\/site","author_name":"Lionel Froidure","author_url":"https:\/\/www.blagnacartsmartiaux.fr\/site\/author\/lionel-froidure\/","title":"Arnis et Karate \u00e0 Paris ! - Blagnac Arts Martiaux","type":"rich","width":600,"height":338,"html":"<blockquote class=\"wp-embedded-content\" data-secret=\"1xVHAlJY7W\"><a href=\"https:\/\/www.blagnacartsmartiaux.fr\/site\/2022\/05\/20\/arnis-et-karate-a-paris\/\">Arnis et Karate \u00e0 Paris !<\/a><\/blockquote><iframe sandbox=\"allow-scripts\" security=\"restricted\" src=\"https:\/\/www.blagnacartsmartiaux.fr\/site\/2022\/05\/20\/arnis-et-karate-a-paris\/embed\/#?secret=1xVHAlJY7W\" width=\"600\" height=\"338\" title=\"\u00ab\u00a0Arnis et Karate \u00e0 Paris !\u00a0\u00bb &#8212; Blagnac Arts Martiaux\" data-secret=\"1xVHAlJY7W\" frameborder=\"0\" marginwidth=\"0\" marginheight=\"0\" scrolling=\"no\" class=\"wp-embedded-content\"><\/iframe><script>\n\/*! This file is auto-generated *\/\n!function(d,l){\"use strict\";l.querySelector&&d.addEventListener&&\"undefined\"!=typeof URL&&(d.wp=d.wp||{},d.wp.receiveEmbedMessage||(d.wp.receiveEmbedMessage=function(e){var t=e.data;if((t||t.secret||t.message||t.value)&&!\/[^a-zA-Z0-9]\/.test(t.secret)){for(var s,r,n,a=l.querySelectorAll('iframe[data-secret=\"'+t.secret+'\"]'),o=l.querySelectorAll('blockquote[data-secret=\"'+t.secret+'\"]'),c=new RegExp(\"^https?:$\",\"i\"),i=0;i<o.length;i++)o[i].style.display=\"none\";for(i=0;i<a.length;i++)s=a[i],e.source===s.contentWindow&&(s.removeAttribute(\"style\"),\"height\"===t.message?(1e3<(r=parseInt(t.value,10))?r=1e3:~~r<200&&(r=200),s.height=r):\"link\"===t.message&&(r=new URL(s.getAttribute(\"src\")),n=new URL(t.value),c.test(n.protocol))&&n.host===r.host&&l.activeElement===s&&(d.top.location.href=t.value))}},d.addEventListener(\"message\",d.wp.receiveEmbedMessage,!1),l.addEventListener(\"DOMContentLoaded\",function(){for(var e,t,s=l.querySelectorAll(\"iframe.wp-embedded-content\"),r=0;r<s.length;r++)(t=(e=s[r]).getAttribute(\"data-secret\"))||(t=Math.random().toString(36).substring(2,12),e.src+=\"#?secret=\"+t,e.setAttribute(\"data-secret\",t)),e.contentWindow.postMessage({message:\"ready\",secret:t},\"*\")},!1)))}(window,document);\n<\/script>\n","thumbnail_url":"https:\/\/www.blagnacartsmartiaux.fr\/site\/wp-content\/uploads\/2022\/05\/281991633_10160292793147042_6091087071485580714_n.jpg","thumbnail_width":1000,"thumbnail_height":563,"description":"Ce week-end sur Paris &#8211; 2 \u00e9v\u00e9nements : Karat\u00e9 et Arnis Kali. S\u00e9bastien\u00a0va tenter de reprendre son titre national kata en Uechi-Ryu Th\u00e9o\u00a0et\u00a0Jean-Luc\u00a0quand \u00e0 eux participeront pour la premi\u00e8re fois aux championnats de France Arnis Kali. Travaillez bien, amusez-vous bien et ramenez nous pleins de belles m\u00e9dailles\u00a0 Accompagn\u00e9 de Joao qui finalisera sa formation pour [&hellip;]"}

Arnis et Karate à Paris ! - Blagnac Arts Martiaux

<blockquote class="wp-embedded-content" data-secret="1xVHAlJY7W"><a href="https://www.blagnacartsmartiaux.fr/site/2022/05/20/arnis-et-karate-a-paris/">Arnis et Karate à Paris !</a></blockquote><iframe sandbox="allow-scripts" security="restricted" src="https://www.blagnacartsmartiaux.fr/site/2022/05/20/arnis-et-karate-a-paris/embed/#?secret=1xVHAlJY7W" width="600" height="338" title="« Arnis et Karate à Paris ! » &#8212; Blagnac Arts Martiaux" data-secret="1xVHAlJY7W" frameborder="0" marginwidth="0" marginheight="0" scrolling="no" class="wp-embedded-content"></iframe><script>
/*! This file is auto-generated */
!function(d,l){"use strict";l.querySelector&&d.addEventListener&&"undefined"!=typeof URL&&(d.wp=d.wp||{},d.wp.receiveEmbedMessage||(d.wp.receiveEmbedMessage=function(e){var t=e.data;if((t||t.secret||t.message||t.value)&&!/[^a-zA-Z0-9]/.test(t.secret)){for(var s,r,n,a=l.querySelectorAll('iframe[data-secret="'+t.secret+'"]'),o=l.querySelectorAll('blockquote[data-secret="'+t.secret+'"]'),c=new RegExp("^https?:$","i"),i=0;i<o.length;i++)o[i].style.display="none";for(i=0;i<a.length;i++)s=a[i],e.source===s.contentWindow&&(s.removeAttribute("style"),"height"===t.message?(1e3<(r=parseInt(t.value,10))?r=1e3:~~r<200&&(r=200),s.height=r):"link"===t.message&&(r=new URL(s.getAttribute("src")),n=new URL(t.value),c.test(n.protocol))&&n.host===r.host&&l.activeElement===s&&(d.top.location.href=t.value))}},d.addEventListener("message",d.wp.receiveEmbedMessage,!1),l.addEventListener("DOMContentLoaded",function(){for(var e,t,s=l.querySelectorAll("iframe.wp-embedded-content"),r=0;r<s.length;r++)(t=(e=s[r]).getAttribute("data-secret"))||(t=Math.random().toString(36).substring(2,12),e.src+="#?secret="+t,e.setAttribute("data-secret",t)),e.contentWindow.postMessage({message:"ready",secret:t},"*")},!1)))}(window,document);
</script>

Ce week-end sur Paris &#8211; 2 événements : Karaté et Arnis Kali. Sébastien va tenter de reprendre son titre national kata en Uechi-Ryu Théo et Jean-Luc quand à eux participeront pour la première fois aux championnats de France Arnis Kali. Travaillez bien, amusez-vous bien et ramenez nous pleins de belles médailles  Accompagné de Joao qui finalisera sa formation pour [&hellip;]
